{"id":18086,"date":"2023-12-18T11:57:27","date_gmt":"2023-12-18T11:57:27","guid":{"rendered":"https:\/\/almaconsciente.es\/?post_type=product&#038;p=18086"},"modified":"2023-12-18T11:59:23","modified_gmt":"2023-12-18T11:59:23","slug":"retiro-especial-san-juan","status":"publish","type":"product","link":"https:\/\/almaconsciente.es\/index.php\/producto\/retiro-especial-san-juan\/","title":{"rendered":"Retiro Especial San Juan"},"content":{"rendered":"<p>Retiro purificador, expandiendo tus alas. \u00bfSientes que hay algo que no te permite desplegar tus alas? Purifica tu alma y tu cuerpo, conecta con tu esencia, transmuta, conecta con tu grandeza y expande tus alas. Te esperamos los d\u00edas 23, 24 y 25 de junio en la Mas\u00eda M\u00e1s Juli, Pineda de Mar<\/p>\n<p>INFORMACI\u00d3N Y RESERVAS\u00a0633792807 Dulce \/ info@almanconsciente.es<\/p>\n","protected":false},"excerpt":{"rendered":"<p>Retiro purificador, expandiendo tus alas. \u00bfSientes que hay algo que no te permite desplegar tus alas? Purifica tu alma y<\/p>\n","protected":false},"featured_media":18087,"comment_status":"open","ping_status":"closed","template":"","meta":[],"product_brand":[],"product_cat":[76],"product_tag":[],"class_list":{"0":"post-18086","1":"product","2":"type-product","3":"status-publish","4":"has-post-thumbnail","6":"product_cat-retiros","8":"first","9":"instock","10":"virtual","11":"taxable","12":"product-type-simple"},"_links":{"self":[{"href":"https:\/\/almaconsciente.es\/index.php\/wp-json\/wp\/v2\/product\/18086","targetHints":{"allow":["GET"]}}],"collection":[{"href":"https:\/\/almaconsciente.es\/index.php\/wp-json\/wp\/v2\/product"}],"about":[{"href":"https:\/\/almaconsciente.es\/index.php\/wp-json\/wp\/v2\/types\/product"}],"replies":[{"embeddable":true,"href":"https:\/\/almaconsciente.es\/index.php\/wp-json\/wp\/v2\/comments?post=18086"}],"version-history":[{"count":1,"href":"https:\/\/almaconsciente.es\/index.php\/wp-json\/wp\/v2\/product\/18086\/revisions"}],"predecessor-version":[{"id":18088,"href":"https:\/\/almaconsciente.es\/index.php\/wp-json\/wp\/v2\/product\/18086\/revisions\/18088"}],"wp:featuredmedia":[{"embeddable":true,"href":"https:\/\/almaconsciente.es\/index.php\/wp-json\/wp\/v2\/media\/18087"}],"wp:attachment":[{"href":"https:\/\/almaconsciente.es\/index.php\/wp-json\/wp\/v2\/media?parent=18086"}],"wp:term":[{"taxonomy":"product_brand","embeddable":true,"href":"https:\/\/almaconsciente.es\/index.php\/wp-json\/wp\/v2\/product_brand?post=18086"},{"taxonomy":"product_cat","embeddable":true,"href":"https:\/\/almaconsciente.es\/index.php\/wp-json\/wp\/v2\/product_cat?post=18086"},{"taxonomy":"product_tag","embeddable":true,"href":"https:\/\/almaconsciente.es\/index.php\/wp-json\/wp\/v2\/product_tag?post=18086"}],"curies":[{"name":"wp","href":"https:\/\/api.w.org\/{rel}","templated":true}]}}