{"id":18057,"date":"2023-12-17T20:26:22","date_gmt":"2023-12-17T20:26:22","guid":{"rendered":"https:\/\/almaconsciente.es\/?post_type=product&#038;p=18057"},"modified":"2023-12-17T21:10:40","modified_gmt":"2023-12-17T21:10:40","slug":"masaje-en-pareja","status":"publish","type":"product","link":"https:\/\/almaconsciente.es\/index.php\/producto\/masaje-en-pareja\/","title":{"rendered":"Masaje en pareja"},"content":{"rendered":"<p>\u00bfQuieres compartir en pareja momentos \u00fanicos de salud y relax? Ahora es posible en un entorno natural, donde podr\u00e1s disfrutar de una experiencia inolvidable de relajaci\u00f3n y bienestar de ayurveda deleit\u00e1ndote de tu momento spa disfrutando de un buen ba\u00f1o en jacuzzy, con tentempie ayurv\u00e9dico y dos tipos de masajes: el primero es el masaje abyanga, masaje principal para los dos con el que aliviareis tensiones del d\u00eda, recuperareis vuestra vitalidad&#8230;.y el segundo opcional higiene facial ayurv\u00e9dica Mukhabyanga<\/p>\n","protected":false},"excerpt":{"rendered":"<p>Elixir en pareja (2 tipos de masajes, jacuzzy, tentempie) en un entorno natural y exclusivo. Debido a la <strong>alta demanda<\/strong> no se aceptan m\u00e1s <strong>reservas<\/strong> hasta<strong> Abril<\/strong> de <strong>2024.<\/strong><\/p>\n","protected":false},"featured_media":18058,"comment_status":"open","ping_status":"closed","template":"","meta":[],"product_brand":[],"product_cat":[20],"product_tag":[],"class_list":{"0":"post-18057","1":"product","2":"type-product","3":"status-publish","4":"has-post-thumbnail","6":"product_cat-masaje","8":"first","9":"instock","10":"taxable","11":"shipping-taxable","12":"purchasable","13":"product-type-simple"},"_links":{"self":[{"href":"https:\/\/almaconsciente.es\/index.php\/wp-json\/wp\/v2\/product\/18057","targetHints":{"allow":["GET"]}}],"collection":[{"href":"https:\/\/almaconsciente.es\/index.php\/wp-json\/wp\/v2\/product"}],"about":[{"href":"https:\/\/almaconsciente.es\/index.php\/wp-json\/wp\/v2\/types\/product"}],"replies":[{"embeddable":true,"href":"https:\/\/almaconsciente.es\/index.php\/wp-json\/wp\/v2\/comments?post=18057"}],"version-history":[{"count":3,"href":"https:\/\/almaconsciente.es\/index.php\/wp-json\/wp\/v2\/product\/18057\/revisions"}],"predecessor-version":[{"id":18061,"href":"https:\/\/almaconsciente.es\/index.php\/wp-json\/wp\/v2\/product\/18057\/revisions\/18061"}],"wp:featuredmedia":[{"embeddable":true,"href":"https:\/\/almaconsciente.es\/index.php\/wp-json\/wp\/v2\/media\/18058"}],"wp:attachment":[{"href":"https:\/\/almaconsciente.es\/index.php\/wp-json\/wp\/v2\/media?parent=18057"}],"wp:term":[{"taxonomy":"product_brand","embeddable":true,"href":"https:\/\/almaconsciente.es\/index.php\/wp-json\/wp\/v2\/product_brand?post=18057"},{"taxonomy":"product_cat","embeddable":true,"href":"https:\/\/almaconsciente.es\/index.php\/wp-json\/wp\/v2\/product_cat?post=18057"},{"taxonomy":"product_tag","embeddable":true,"href":"https:\/\/almaconsciente.es\/index.php\/wp-json\/wp\/v2\/product_tag?post=18057"}],"curies":[{"name":"wp","href":"https:\/\/api.w.org\/{rel}","templated":true}]}}